{"id":10,"date":"2017-04-02T18:11:39","date_gmt":"2017-04-02T21:11:39","guid":{"rendered":"http:\/\/hotelterranova.com.br\/site\/?page_id=10"},"modified":"2018-08-12T20:11:03","modified_gmt":"2018-08-12T23:11:03","slug":"pagina-inicial","status":"publish","type":"page","link":"https:\/\/hotelterranova.com.br\/site\/","title":{"rendered":"P\u00e1gina inicial"},"content":{"rendered":"<p>Tradi\u00e7\u00e3o e qualidade em hospedagem na cidade de <strong>Bataguassu-MS<\/strong>, o <strong>HOTEL TERRA NOVA<\/strong> conta com 33 apartamentos, todos equipados com ar condicionado, tv, internet Wi-fi, estacionamento privativo e completo caf\u00e9 da manh\u00e3 colonial, com uma localiza\u00e7\u00e3o privilegiada da cidade.<\/p>\n<p>Sua equipe de colaboradores est\u00e1 treinada para fazer com que o h\u00f3spede fique \u00e0 vontade e se sinta em casa.<\/p>\n<div id='gallery-1' class='gallery galleryid-10 gallery-columns-3 gallery-size-thumbnail'><figure class='gallery-item'>\n\t\t\t<div class='gallery-icon portrait'>\n\t\t\t\t<a href='https:\/\/hotelterranova.com.br\/site\/?attachment_id=108'><img width=\"150\" height=\"150\" src=\"https:\/\/hotelterranova.com.br\/site\/wp-content\/uploads\/2017\/04\/corredor-1-150x150.jpeg\" class=\"attachment-thumbnail size-thumbnail\" alt=\"\" decoding=\"async\" loading=\"lazy\" srcset=\"https:\/\/hotelterranova.com.br\/site\/wp-content\/uploads\/2017\/04\/corredor-1-150x150.jpeg 150w, https:\/\/hotelterranova.com.br\/site\/wp-content\/uploads\/2017\/04\/corredor-1-100x100.jpeg 100w\" sizes=\"100vw\" \/><\/a>\n\t\t\t<\/div><\/figure><figure class='gallery-item'>\n\t\t\t<div class='gallery-icon portrait'>\n\t\t\t\t<a href='https:\/\/hotelterranova.com.br\/site\/?attachment_id=109'><img width=\"150\" height=\"150\" src=\"https:\/\/hotelterranova.com.br\/site\/wp-content\/uploads\/2017\/04\/corredor-2-150x150.jpeg\" class=\"attachment-thumbnail size-thumbnail\" alt=\"\" decoding=\"async\" loading=\"lazy\" srcset=\"https:\/\/hotelterranova.com.br\/site\/wp-content\/uploads\/2017\/04\/corredor-2-150x150.jpeg 150w, https:\/\/hotelterranova.com.br\/site\/wp-content\/uploads\/2017\/04\/corredor-2-100x100.jpeg 100w\" sizes=\"100vw\" \/><\/a>\n\t\t\t<\/div><\/figure><figure class='gallery-item'>\n\t\t\t<div class='gallery-icon portrait'>\n\t\t\t\t<a href='https:\/\/hotelterranova.com.br\/site\/?attachment_id=110'><img width=\"150\" height=\"150\" src=\"https:\/\/hotelterranova.com.br\/site\/wp-content\/uploads\/2017\/04\/corredor-3-150x150.jpeg\" class=\"attachment-thumbnail size-thumbnail\" alt=\"\" decoding=\"async\" loading=\"lazy\" srcset=\"https:\/\/hotelterranova.com.br\/site\/wp-content\/uploads\/2017\/04\/corredor-3-150x150.jpeg 150w, https:\/\/hotelterranova.com.br\/site\/wp-content\/uploads\/2017\/04\/corredor-3-100x100.jpeg 100w\" sizes=\"100vw\" \/><\/a>\n\t\t\t<\/div><\/figure><figure class='gallery-item'>\n\t\t\t<div class='gallery-icon landscape'>\n\t\t\t\t<a href='https:\/\/hotelterranova.com.br\/site\/?attachment_id=111'><img width=\"150\" height=\"150\" src=\"https:\/\/hotelterranova.com.br\/site\/wp-content\/uploads\/2017\/04\/faixada-1-150x150.jpeg\" class=\"attachment-thumbnail size-thumbnail\" alt=\"\" decoding=\"async\" loading=\"lazy\" srcset=\"https:\/\/hotelterranova.com.br\/site\/wp-content\/uploads\/2017\/04\/faixada-1-150x150.jpeg 150w, https:\/\/hotelterranova.com.br\/site\/wp-content\/uploads\/2017\/04\/faixada-1-100x100.jpeg 100w\" sizes=\"100vw\" \/><\/a>\n\t\t\t<\/div><\/figure><figure class='gallery-item'>\n\t\t\t<div class='gallery-icon landscape'>\n\t\t\t\t<a href='https:\/\/hotelterranova.com.br\/site\/?attachment_id=112'><img width=\"150\" height=\"150\" src=\"https:\/\/hotelterranova.com.br\/site\/wp-content\/uploads\/2017\/04\/faixada-2-150x150.jpeg\" class=\"attachment-thumbnail size-thumbnail\" alt=\"\" decoding=\"async\" loading=\"lazy\" srcset=\"https:\/\/hotelterranova.com.br\/site\/wp-content\/uploads\/2017\/04\/faixada-2-150x150.jpeg 150w, https:\/\/hotelterranova.com.br\/site\/wp-content\/uploads\/2017\/04\/faixada-2-100x100.jpeg 100w\" sizes=\"100vw\" \/><\/a>\n\t\t\t<\/div><\/figure><figure class='gallery-item'>\n\t\t\t<div class='gallery-icon landscape'>\n\t\t\t\t<a href='https:\/\/hotelterranova.com.br\/site\/?attachment_id=113'><img width=\"150\" height=\"150\" src=\"https:\/\/hotelterranova.com.br\/site\/wp-content\/uploads\/2017\/04\/quarto-5-1-150x150.jpeg\" class=\"attachment-thumbnail size-thumbnail\" alt=\"\" decoding=\"async\" loading=\"lazy\" srcset=\"https:\/\/hotelterranova.com.br\/site\/wp-content\/uploads\/2017\/04\/quarto-5-1-150x150.jpeg 150w, https:\/\/hotelterranova.com.br\/site\/wp-content\/uploads\/2017\/04\/quarto-5-1-100x100.jpeg 100w\" sizes=\"100vw\" \/><\/a>\n\t\t\t<\/div><\/figure><figure class='gallery-item'>\n\t\t\t<div class='gallery-icon landscape'>\n\t\t\t\t<a href='https:\/\/hotelterranova.com.br\/site\/?attachment_id=114'><img width=\"150\" height=\"150\" src=\"https:\/\/hotelterranova.com.br\/site\/wp-content\/uploads\/2017\/04\/recepcao-1-150x150.jpeg\" class=\"attachment-thumbnail size-thumbnail\" alt=\"\" decoding=\"async\" loading=\"lazy\" srcset=\"https:\/\/hotelterranova.com.br\/site\/wp-content\/uploads\/2017\/04\/recepcao-1-150x150.jpeg 150w, https:\/\/hotelterranova.com.br\/site\/wp-content\/uploads\/2017\/04\/recepcao-1-100x100.jpeg 100w\" sizes=\"100vw\" \/><\/a>\n\t\t\t<\/div><\/figure><figure class='gallery-item'>\n\t\t\t<div class='gallery-icon landscape'>\n\t\t\t\t<a href='https:\/\/hotelterranova.com.br\/site\/?attachment_id=115'><img width=\"150\" height=\"150\" src=\"https:\/\/hotelterranova.com.br\/site\/wp-content\/uploads\/2017\/04\/recepcao-2-150x150.jpeg\" class=\"attachment-thumbnail size-thumbnail\" alt=\"\" decoding=\"async\" loading=\"lazy\" srcset=\"https:\/\/hotelterranova.com.br\/site\/wp-content\/uploads\/2017\/04\/recepcao-2-150x150.jpeg 150w, https:\/\/hotelterranova.com.br\/site\/wp-content\/uploads\/2017\/04\/recepcao-2-100x100.jpeg 100w\" sizes=\"100vw\" \/><\/a>\n\t\t\t<\/div><\/figure><figure class='gallery-item'>\n\t\t\t<div class='gallery-icon landscape'>\n\t\t\t\t<a href='https:\/\/hotelterranova.com.br\/site\/?attachment_id=116'><img width=\"150\" height=\"150\" src=\"https:\/\/hotelterranova.com.br\/site\/wp-content\/uploads\/2017\/04\/recepcao-3-150x150.jpeg\" class=\"attachment-thumbnail size-thumbnail\" alt=\"\" decoding=\"async\" loading=\"lazy\" srcset=\"https:\/\/hotelterranova.com.br\/site\/wp-content\/uploads\/2017\/04\/recepcao-3-150x150.jpeg 150w, https:\/\/hotelterranova.com.br\/site\/wp-content\/uploads\/2017\/04\/recepcao-3-100x100.jpeg 100w\" sizes=\"100vw\" \/><\/a>\n\t\t\t<\/div><\/figure>\n\t\t<\/div>\n\n<p>&nbsp;<\/p>\n","protected":false},"excerpt":{"rendered":"<p>Tradi\u00e7\u00e3o e qualidade em hospedagem na cidade de Bataguassu-MS, o HOTEL TERRA NOVA conta com 33 apartamentos, todos equipados com ar condicionado, tv, internet Wi-fi, estacionamento privativo e completo caf\u00e9 da manh\u00e3 colonial, com uma localiza\u00e7\u00e3o privilegiada da cidade. Sua equipe de colaboradores est\u00e1 treinada para fazer com que o h\u00f3spede fique \u00e0 vontade e &hellip; <\/p>\n<p class=\"link-more\"><a href=\"https:\/\/hotelterranova.com.br\/site\/\" class=\"more-link\">Continue lendo<span class=\"screen-reader-text\"> &#8220;P\u00e1gina inicial&#8221;<\/span><\/a><\/p>\n","protected":false},"author":1,"featured_media":0,"parent":0,"menu_order":0,"comment_status":"closed","ping_status":"closed","template":"","meta":[],"_links":{"self":[{"href":"https:\/\/hotelterranova.com.br\/site\/index.php?rest_route=\/wp\/v2\/pages\/10"}],"collection":[{"href":"https:\/\/hotelterranova.com.br\/site\/index.php?rest_route=\/wp\/v2\/pages"}],"about":[{"href":"https:\/\/hotelterranova.com.br\/site\/index.php?rest_route=\/wp\/v2\/types\/page"}],"author":[{"embeddable":true,"href":"https:\/\/hotelterranova.com.br\/site\/index.php?rest_route=\/wp\/v2\/users\/1"}],"replies":[{"embeddable":true,"href":"https:\/\/hotelterranova.com.br\/site\/index.php?rest_route=%2Fwp%2Fv2%2Fcomments&post=10"}],"version-history":[{"count":3,"href":"https:\/\/hotelterranova.com.br\/site\/index.php?rest_route=\/wp\/v2\/pages\/10\/revisions"}],"predecessor-version":[{"id":117,"href":"https:\/\/hotelterranova.com.br\/site\/index.php?rest_route=\/wp\/v2\/pages\/10\/revisions\/117"}],"wp:attachment":[{"href":"https:\/\/hotelterranova.com.br\/site\/index.php?rest_route=%2Fwp%2Fv2%2Fmedia&parent=10"}],"curies":[{"name":"wp","href":"https:\/\/api.w.org\/{rel}","templated":true}]}}